{"id":25,"date":"2023-11-06T02:10:29","date_gmt":"2023-11-06T05:10:29","guid":{"rendered":"https:\/\/atacadistapet.com\/?page_id=25"},"modified":"2023-11-19T12:11:53","modified_gmt":"2023-11-19T15:11:53","slug":"produtos","status":"publish","type":"page","link":"https:\/\/atacadistapet.com\/index.php\/produtos\/","title":{"rendered":"Produtos"},"content":{"rendered":"\n<figure id=\"filter\"><input type=\"text\" onkeyup=\"filterTable()\" placeholder=\"Filtrar produtos...\" \/><\/figure>\n\n\n\n<p><kbd>LISTAGEM DOS PRINCIPAIS PRODDUTOS. Fa\u00e7a  o pedido ou cota\u00e7\u00e3o pelo c\u00f3digo do produto e se n\u00e3o encontrar nos envie e-mail solicitando.<\/kbd> <strong><em>VENDAS NO ATACADO E VAREJO (dependendo do produto e quantidades)<\/em><\/strong><\/p>\n\n\n\n<figure id=\"product-table\" class=\"wp-block-table\"><table><thead><tr><th>C\u00f3digo<\/th><th>Produto<\/th><th>NCM<\/th><th>Fabricante<\/th><\/tr><\/thead><tbody><tr><td>1014<\/td><td>Agemoxi CL 50 mg<\/td><td>30041012<\/td><td>Agener Uni\u00e3o<\/td><\/tr><tr><td>1015<\/td><td>Agemoxi CL 250 mg<\/td><td>30041012<\/td><td>Agener Uni\u00e3o<\/td><\/tr><tr><td>1016<\/td><td>Agemoxi  LA<\/td><td>30041012<\/td><td>Agener Uni\u00e3o<\/td><\/tr><tr><td>1017<\/td><td>Buscofin<\/td><td>30049079<\/td><td>Agener Uni\u00e3o<\/td><\/tr><tr><td>1012<\/td><td>D-500 50 ml<\/td><td>3004969<\/td><td>Zoetis<\/td><\/tr><tr><td>1013<\/td><td>Ganadorl 50 g<\/td><td>30049099<\/td><td>Zoetis<\/td><\/tr><tr><td>1000<\/td><td>Simparic 3 comp\/80 mg<\/td><td>30049079<\/td><td>Zoetis<\/td><\/tr><tr><td>1001<\/td><td>Simparic 3 comp\/40 mg<\/td><td>30049079<\/td><td>Zoetis<\/td><\/tr><tr><td>1002<\/td><td>Simparic  3 comp\/20 mg<\/td><td>30049079<\/td><td>Zoetis<\/td><\/tr><tr><td>1003<\/td><td>Simparic 3 comp\/10 mg<\/td><td>30049079<\/td><td>Zoetis<\/td><\/tr><tr><td>1004<\/td><td>Simparic 3 comp\/05 mg<\/td><td>30049079<\/td><td>Zoetis<\/td><\/tr><tr><td>1005<\/td><td>Simparic 1 comp\/05 mg<\/td><td>30049079<\/td><td>Zoetis<\/td><\/tr><tr><td>1006<\/td><td>Simparic 1 comp\/10 mg<\/td><td>30049079<\/td><td>Zoetis<\/td><\/tr><tr><td>1007<\/td><td>Simparic 1 comp\/20 mg<\/td><td>30049079<\/td><td>Zoetis<\/td><\/tr><tr><td>1008<\/td><td>Simparic 1 comp\/40 mg<\/td><td>30049079<\/td><td>Zoetis<\/td><\/tr><tr><td>1009<\/td><td>Simparic 1 comp\/80 mg<\/td><td>30049079<\/td><td>Zoetis<\/td><\/tr><tr><td>1010<\/td><td>Terracortril 125 ml<\/td><td>30042099<\/td><td>Zoetis<\/td><\/tr><tr><td>1011<\/td><td>Terracortril  250 ml<\/td><td>30042099<\/td><td>Zoetis<\/td><\/tr><tr><td>1014<\/td><td>Terracortril 5000 ml<\/td><td>30042099<\/td><td>Zoetis<\/td><\/tr><tr><td>101<\/td><td>Cronidor (Cloridrato de tramadol)<\/td><td><\/td><td>Agener Uni\u00e3o<\/td><\/tr><tr><td>102<\/td><td>Prednon\u00ae Prednisolona<\/td><td><\/td><td>Agener Uni\u00e3o<\/td><\/tr><tr><td>103<\/td><td>Carproflan\u00ae (Carprofeno)<\/td><td><\/td><td>Agener Uni\u00e3o<\/td><\/tr><tr><td>104<\/td><td>Flamavet\u00ae (Meloxicam)<\/td><td><\/td><td>Agener Uni\u00e3o<\/td><\/tr><tr><td>105<\/td><td>Ketojet\u00ae (Cetoprofeno)<\/td><td><\/td><td>Agener Uni\u00e3o<\/td><\/tr><tr><td>106<\/td><td>Gaviz\u00ae V (Omeprazol)<\/td><td><\/td><td>Agener Uni\u00e3o<\/td><\/tr><tr><td>107<\/td><td>Agemoxi CL\u00ae (Amoxicilina Tri-hidratada e Clavulanato de Pot\u00e1ssio)<\/td><td><\/td><td>Agener Uni\u00e3o<\/td><\/tr><tr><td>108<\/td><td>Doxitrat\u00ae (Doxiciclina)<\/td><td><\/td><td>Agener Uni\u00e3o<\/td><\/tr><tr><td>109<\/td><td>Ceftrat\u00ae (Cefpodoxime)<\/td><td><\/td><td>Agener Uni\u00e3o<\/td><\/tr><tr><td>110<\/td><td>Norflagen\u00ae (Norfloxacina)<\/td><td><\/td><td>Agener Uni\u00e3o<\/td><\/tr><tr><td>111<\/td><td>Zelotril\u00ae (Enrofloxacina)<\/td><td><\/td><td>Agener Uni\u00e3o<\/td><\/tr><tr><td>112<\/td><td>Clinbacter\u00ae (Cloridrato de Clindamicina)<\/td><td><\/td><td>Agener Uni\u00e3o<\/td><\/tr><tr><td>113<\/td><td>Revipel\u00ae (Ureia, Silicones e \u00d3leo Mineral)<\/td><td><\/td><td>Agener Uni\u00e3o<\/td><\/tr><tr><td>114<\/td><td>Dermogen\u00ae (Xampu Hidratante)<\/td><td><\/td><td>Agener Uni\u00e3o<\/td><\/tr><tr><td>115<\/td><td>Cortishamp\u00ae (Xampu com Hidrocortisona)<\/td><td><\/td><td>Agener Uni\u00e3o<\/td><\/tr><tr><td>116<\/td><td>Hidrapet\u00ae creme<\/td><td><\/td><td>Agener Uni\u00e3o<\/td><\/tr><tr><td>117<\/td><td>Hidrapet\u00ae xampu<\/td><td><\/td><td>Agener Uni\u00e3o<\/td><\/tr><tr><td>118<\/td><td>Hidrapet\u00ae Skin on (Solu\u00e7\u00e3o Hidratante)<\/td><td><\/td><td>Agener Uni\u00e3o<\/td><\/tr><tr><td>119<\/td><td>Cloresten\u00ae (Xampu com Clorexidine e Miconazol)<\/td><td><\/td><td>Agener Uni\u00e3o<\/td><\/tr><tr><td>120<\/td><td>Sept Clean\u00ae (Xampu com Clorexidine)<\/td><td><\/td><td>Agener Uni\u00e3o<\/td><\/tr><tr><td>121<\/td><td>Sebotrat\u00ae S (Xampu com \u00c1cido Salic\u00edlico e Enxofre)<\/td><td><\/td><td>Agener Uni\u00e3o<\/td><\/tr><tr><td>122<\/td><td>Sebotrat\u00ae O (Xampu com \u00c1cido Salic\u00edlico e Enxofre)<\/td><td><\/td><td>Agener Uni\u00e3o<\/td><\/tr><tr><td>123<\/td><td>Dermogen\u00ae OTO (Solu\u00e7\u00e3o Otol\u00f3gica)<\/td><td><\/td><td>Agener Uni\u00e3o<\/td><\/tr><tr><td>124<\/td><td>Clean-up\u00ae (Solu\u00e7\u00e3o Otol\u00f3gica)<\/td><td><\/td><td>Agener Uni\u00e3o<\/td><\/tr><tr><td>125<\/td><td>Otocalm\u00ae (Solu\u00e7\u00e3o Otol\u00f3gica com Gentamicina, Tiabendazol, Betametasona e Cloridrato de Lidoca\u00edna)<\/td><td><\/td><td>Agener Uni\u00e3o<\/td><\/tr><tr><td>126<\/td><td>Zelotril\u00ae Oto (Emuls\u00e3o Otol\u00f3gica com Enrofloxacina, Sulfadiazina de Prata e Hidrocortisona)<\/td><td><\/td><td>Agener Uni\u00e3o<\/td><\/tr><tr><td>127<\/td><td>Emedron\u00ae (Cloridrato de Ondansetrona)<\/td><td><\/td><td>Agener Uni\u00e3o<\/td><\/tr><tr><td>128<\/td><td>Gaviz\u00ae V (Omeprazol)<\/td><td><\/td><td>Agener Uni\u00e3o<\/td><\/tr><tr><td>129<\/td><td>Sec Lac\u00ae (Metergolina)<\/td><td><\/td><td>Agener Uni\u00e3o<\/td><\/tr><tr><td>130<\/td><td>Petpril\u00ae (Maleato de Enalapril)<\/td><td><\/td><td>Agener Uni\u00e3o<\/td><\/tr><tr><td>131<\/td><td>Revimax\u00ae (Propentofilina)<\/td><td><\/td><td>Agener Uni\u00e3o<\/td><\/tr><tr><td>132<\/td><td>Lacri (Col\u00edrio Lubrificante com Carboximetilcelulose S\u00f3dica)<\/td><td><\/td><td>Agener Uni\u00e3o<\/td><\/tr><tr><td>133<\/td><td>Lacri Caps (Suplemento com Lute\u00edna, Zeaxantina, \u00d4mega 3, \u00d3leo de Borragem, Bilberry, Taurina, Vitaminas D3, E, C e Cromo)<\/td><td><\/td><td>Agener Uni\u00e3o<\/td><\/tr><tr><td>134<\/td><td>Omega Top\u00ae 3 (EPA e DHA)<\/td><td><\/td><td>Agener Uni\u00e3o<\/td><\/tr><tr><td>135<\/td><td>Hidrapet\u00ae \u00f4mega (Suplemento com Biotina, \u00d4megas 3 e 6, Vitaminas e Zinco Quelatado)<\/td><td><\/td><td>Agener Uni\u00e3o<\/td><\/tr><tr><td>136<\/td><td>Procart (1000mg), Procart\u00ae25 (2100mg) (Condroitina, Glicosamina, Extrato de Yucca e Minerais Quelatados)<\/td><td><\/td><td>Agener Uni\u00e3o<\/td><\/tr><tr><td>137<\/td><td>Procart\u00ae Flex (Suplemento com Col\u00e1geno Tipo II N\u00e3o Desnaturado, Curcumina Phospholipid, \u00d4mega 3, Zinco Quelatado, Glicinato de Cobre, Magn\u00e9sio Quelatado e Sel\u00eanio Quelatado)<\/td><td><\/td><td>Agener Uni\u00e3o<\/td><\/tr><tr><td>138<\/td><td>Mega Mater\u00ae (Suplemento com \u00c1cido F\u00f3lico, \u00d4mega 3, Vitaminas A, E, C, B12, Ferro, Zinco Quelatado e Sel\u00eanio Quelatado) para f\u00eameas gestantes e lactantes<\/td><td><\/td><td>Agener Uni\u00e3o<\/td><\/tr><tr><td>139<\/td><td>Hysteril\u00ae (Desinfetante concentrado com Cloreto de Benzalc\u00f4nio) para ambientes de animais<\/td><td><\/td><td>Agener Uni\u00e3o<\/td><\/tr><tr><td>140<\/td><td>Cronidor\u00ae2% (Cloridrato de tramadol)<\/td><td><\/td><td>Agener Uni\u00e3o<\/td><\/tr><tr><td>141<\/td><td>Flamavet\u00ae (Meloxicam)<\/td><td><\/td><td>Agener Uni\u00e3o<\/td><\/tr><tr><td>142<\/td><td>Ketamina Agener (Cloridrato de Cetamina)<\/td><td><\/td><td>Agener Uni\u00e3o<\/td><\/tr><tr><td>143<\/td><td>Emedron\u00ae (Cloridrato de Ondansetrona)<\/td><td><\/td><td>Agener Uni\u00e3o<\/td><\/tr><tr><td>144<\/td><td>Providean\u00ae Viratec 10 CVL (Vacina)<\/td><td><\/td><td>Agener Uni\u00e3o<\/td><\/tr><tr><td>145<\/td><td>Helfine\u00ae Plus (Praziquantel, Pirantel e Febantel)<\/td><td><\/td><td>Agener Uni\u00e3o<\/td><\/tr><tr><td>146<\/td><td>Fenzol Pet\u00ae (Fembendazol)<\/td><td><\/td><td>Agener Uni\u00e3o<\/td><\/tr><tr><td>147<\/td><td>Mectimax\u00ae (Ivermectina)<\/td><td><\/td><td>Agener Uni\u00e3o<\/td><\/tr><tr><td>148<\/td><td>Ball Free\u00ae (Suplemento com Vitaminas, Amino\u00e1cidos, Lecitina de Soja e Extrato de Malte)<\/td><td><\/td><td>Agener Uni\u00e3o<\/td><\/tr><tr><td>149<\/td><td>MIRTZ\u00ae (Mirtazapina)<\/td><td><\/td><td>Agener Uni\u00e3o<\/td><\/tr><tr><td>150<\/td><td>Helfine Plus Gatos\u00ae (Praziquantel e Pirantel)<\/td><td><\/td><td>Agener Uni\u00e3o<\/td><\/tr><\/tbody><\/table><\/figure>\n\n\n\n<p>Entre em contato pelo email <a rel=\"noreferrer noopener\" href=\"ciexdistribuidora@gmail.com\" target=\"_blank\">ciexdistribuidora@gmail.com<\/a> ou atrav\u00e9s de nosso representante e pe\u00e7a j\u00e1 sua cota\u00e7\u00e3o.<\/p>\n\n\n\n<script>\n\/\/ Fun\u00e7\u00e3o para ordenar a tabela\nfunction sortTable(table, col, reverse) {\n    var tb = table.tBodies[0],\n        tr = Array.prototype.slice.call(tb.rows, 0),\n        i;\n    reverse = -((+reverse) || -1);\n    tr = tr.sort(function (a, b) {\n        return reverse * (\n            a.cells[col].textContent.trim().localeCompare(\n                b.cells[col].textContent.trim()\n            )\n        );\n    });\n    for(i = 0; i < tr.length; ++i) tb.appendChild(tr[i]);\n}\n\n\/\/ Fun\u00e7\u00e3o para filtrar a tabela\nfunction filterTable() {\n    var input, filter, table, tr, td, i, j, txtValue;\n    input = document.querySelector(\"#filter input\");\n    filter = input.value.toUpperCase();\n    table = document.querySelector(\"#product-table table\");\n    tr = table.getElementsByTagName(\"tr\");\n\n    \/\/ Loop through all table rows, and hide those who don't match the search query\n    for (i = 1; i < tr.length; i++) {\n        tr[i].style.display = \"none\"; \/\/ Hide the row initially\n        td = tr[i].getElementsByTagName(\"td\");\n        for (j = 0; j < td.length; j++) {\n            if (td[j]) {\n                txtValue = td[j].textContent || td[j].innerText;\n                if (txtValue.toUpperCase().indexOf(filter) > -1) {\n                    tr[i].style.display = \"\"; \/\/ Show the row if there is a match\n                    break; \/\/ Stop looking through the rest of the cells\n                }\n            }\n        }\n    }\n}\n\n\/\/ Fun\u00e7\u00e3o para iniciar a tabela e guardar o estado original e atual\nfunction initTable() {\n    originalTable = document.getElementById(\"product-table\").innerHTML;\n    filteredTable = originalTable;\n    sortTable(document.getElementById(\"product-table\"), 3, false);\n    sortTable(document.getElementById(\"product-table\"), 0, false);\n    document.getElementById(\"product-table\").innerHTML = filteredTable;\n}\n\n\/\/ Vari\u00e1veis globais para armazenar o estado original e filtrado da tabela\nvar originalTable, filteredTable;\n\n\/\/ Quando a janela for carregada, inicialize a tabela\nwindow.onload = initTable;\n<\/script>\n","protected":false},"excerpt":{"rendered":"<p>LISTAGEM DOS PRINCIPAIS PRODDUTOS. Fa\u00e7a o pedido ou cota\u00e7\u00e3o pelo c\u00f3digo do produto e se [&hellip;]<\/p>\n","protected":false},"author":1,"featured_media":0,"parent":0,"menu_order":0,"comment_status":"closed","ping_status":"closed","template":"","meta":{"footnotes":""},"_links":{"self":[{"href":"https:\/\/atacadistapet.com\/index.php\/wp-json\/wp\/v2\/pages\/25"}],"collection":[{"href":"https:\/\/atacadistapet.com\/index.php\/wp-json\/wp\/v2\/pages"}],"about":[{"href":"https:\/\/atacadistapet.com\/index.php\/wp-json\/wp\/v2\/types\/page"}],"author":[{"embeddable":true,"href":"https:\/\/atacadistapet.com\/index.php\/wp-json\/wp\/v2\/users\/1"}],"replies":[{"embeddable":true,"href":"https:\/\/atacadistapet.com\/index.php\/wp-json\/wp\/v2\/comments?post=25"}],"version-history":[{"count":17,"href":"https:\/\/atacadistapet.com\/index.php\/wp-json\/wp\/v2\/pages\/25\/revisions"}],"predecessor-version":[{"id":85,"href":"https:\/\/atacadistapet.com\/index.php\/wp-json\/wp\/v2\/pages\/25\/revisions\/85"}],"wp:attachment":[{"href":"https:\/\/atacadistapet.com\/index.php\/wp-json\/wp\/v2\/media?parent=25"}],"curies":[{"name":"wp","href":"https:\/\/api.w.org\/{rel}","templated":true}]}}